n base 4, what is 1 + -12212?
-12211
In base 14, what is -42 + -9?
-4b
In base 6, what is -4 + -121?
-125
In base 7, what is -1404 + 5?
-1366
In base 9, what is 2 + 2243?
2245
In base 6, what is 33434 + 0?
33434
In base 7, what is -325 + 2?
-323
In base 8, what is 14 - -2775?
3011
In base 9, what is 16 + 1563?
1580
In base 13, what is -52c - 4?
-533
In base 16, what is b + -18?
-d
In base 4, what is 213233 + 13?
213312
In base 14, what is 42 - -2?
44
In base 2, what is 1111000010 + 100?
1111000110
In base 13, what is -1 - 61?
-62
In base 9, what is 568 - -43?
622
In base 12, what is -2a0 - -1?
-29b
In base 11, what is 161 - 3?
159
In base 8, what is -254 + -30?
-304
In base 3, what is -20022201 - 2?
-20022210
In base 9, what is -4 + -7247?
-7252
In base 11, what is 8 - 19?
-11
In base 3, what is -21 - 101?
-122
In base 5, what is 1201 + 4?
1210
In base 8, what is 425 + -2?
423
In base 4, what is 1132 - 1?
1131
In base 4, what is -1100 - 3?
-1103
In base 2, what is 1 - 11100101?
-11100100
In base 12, what is 7 + 4?
b
In base 4, what is 221302 + -2?
221300
In base 16, what is -e - 16?
-24
In base 8, what is 466 + 4?
472
In base 11, what is -9 - 241?
-24a
In base 2, what is 11010011 - -1000?
11011011
In base 3, what is 1 - -21202112?
21202120
In base 16, what is -12 - -a?
-8
In base 9, what is 2 - -36?
38
In base 11, what is 156 - -3?
159
In base 6, what is 1 - 51?
-50
In base 14, what is -31 - -3?
-2c
In base 11, what is 8 + -34?
-27
In base 9, what is -3 + -4?
-7
In base 4, what is -230 - -30?
-200
In base 8, what is -4040 + -4?
-4044
In base 10, what is 2 - 85?
-83
In base 3, what is -12 - 1110?
-1122
In base 8, what is 0 - -150?
150
In base 16, what is 5d3 - -1?
5d4
In base 5, what is -34 + 2?
-32
In base 16, what is 1 + 94?
95
In base 11, what is -3 - -152?
14a
In base 9, what is 14180 - 4?
14175
In base 9, what is 3 + -17?
-14
In base 2, what is -110110 + -101?
-111011
In base 8, what is 431 - 141?
270
In base 15, what is -7 - 23?
-2a
In base 10, what is -85 - -9?
-76
In base 4, what is -12122 - -2?
-12120
In base 2, what is -1001 - -1011010000?
1011000111
In base 2, what is 100 - -1101100?
1110000
In base 5, what is 1 - -43140?
43141
In base 11, what is -a209 + -2?
-a210
In base 6, what is -1235 + 0?
-1235
In base 11, what is -350 + 4?
-347
In base 10, what is -329 - 4?
-333
In base 13, what is -20 + -13?
-33
In base 16, what is 31 + -2?
2f
In base 14, what is 11 + -48?
-37
In base 8, what is -15 - -1436?
1421
In base 14, what is 5 + 113?
118
In base 11, what is -5 - 290?
-295
In base 2, what is 11 + -11100110000?
-11100101101
In base 3, what is -2002 + 21?
-1211
In base 8, what is -4 - -271?
265
In base 14, what is -6 + 17?
11
In base 8, what is -3 + 64?
61
In base 5, what is 42334 + 3?
42342
In base 16, what is -4 - -7d?
79
In base 13, what is -47c5 + 4?
-47c1
In base 16, what is 0 + -292?
-292
In base 2, what is -10101001 - -111101?
-1101100
In base 8, what is -7 + -3?
-12
In base 10, what is 0 + 291?
291
In base 13, what is -2 - -305?
303
In base 9, what is 1 + 1000?
1001
In base 9, what is 104 - -1?
105
In base 14, what is -5 - -21?
1a
In base 9, what is -5 + 623?
617
In base 11, what is 27 - 3?
24
In base 9, what is 1632 + 4?
1636
In base 8, what is 33 + 161?
214
In base 15, what is -d72 + -3?
-d75
In base 8, what is -4 + -4035?
-4041
In base 2, what is -100 - 11011110?
-11100010
In base 3, what is -12 + 210?
121
In base 6, what is 2 - 1332?
-1330
In base 4, what is -133 - -112?
-21
In base 2, what is -101 - 11000111000?
-11000111101
In base 13, what is -28 - 1?
-29
In base 2, what is -101100110111 + 101?
-101100110010
In base 2, what is -1100100010 + -1011?
-1100101101
In base 14, what is 8 - 1a?
-12
In base 2, what is -100110111 - -11?
-100110100
In base 6, what is 21 + 213?
234
In base 6, what is 1535 + -23?
1512
In base 7, what is -14 - 5?
-22
In base 6, what is 140 - 452?
-312
In base 4, what is 111 - 1332?
-1221
In base 5, what is -40 - 4?
-44
In base 16, what is a8 - -2?
aa
In base 6, what is -2 + -40?
-42
In base 2, what is -1 - 110001001?
-110001010
In base 15, what is 2 - 1dc?
-1da
In base 12, what is -33 + 3a?
7
In base 2, what is -11 - -1111110000?
1111101101
In base 12, what is -29 - 5?
-32
In base 6, what is -5 - -2030?
2021
In base 3, what is -10 - -222102?
222022
In base 2, what is -11 - -1010010?
1001111
In base 7, what is 1 + -3304?
-3303
In base 16, what is 90 - -4?
94
In base 6, what is -14 + -41?
-55
In base 6, what is -204 - 0?
-204
In base 3, what is -2002 - -1?
-2001
In base 14, what is 4 + 28?
2c
In base 10, what is 15 + -22?
-7
In base 2, what is 1 - 10101101?
-10101100
In base 10, what is -12 + 139?
127
In base 16, what is -cd - 5?
-d2
In base 7, what is -2 - 2124?
-2126
In base 7, what is 3 - -14332?
14335
In base 16, what is 4 - 223?
-21f
In base 5, what is -2001 - -1?
-2000
In base 11, what is 3a - 28?
12
In base 3, what is -11 - 112120?
-112201
In base 13, what is 677 - 5?
672
In base 15, what is -11 - e?
-20
In base 13, what is 18 + -13?
5
In base 11, what is -5 + -4131?
-4136
In base 13, what is 20 + 50?
70
In base 2, what is 1 - 10001000?
-10000111
In base 6, what is -230 + -511?
-1141
In base 4, what is -211 + -101?
-312
In base 5, what is 33 - 2041?
-2003
In base 3, what is 2012 + -100?
1212
In base 10, what is 1258 + -4?
1254
In base 4, what is 1 + 122321?
122322
In base 13, what is -1 - -184?
183
In base 10, what is -9 + -368?
-377
In base 4, what is -2 - 220?
-222
In base 3, what is -10021 - -1202?
-1112
In base 16, what is 8 + -1e5?
-1dd
In base 6, what is -344111 + -5?
-344120
In base 2, what is -110 + -110111011?
-111000001
In base 15, what is -213 - 0?
-213
In base 13, what is -13 - 10?
-23
In base 3, what is -1 - 10012?
-10020
In base 10, what is 3413 + 3?
3416
In base 8, what is -4 + 274?
270
In base 4, what is -2 + -311132?
-311200
In base 8, what is 1 + -106?
-105
In base 15, what is -2 - 5d?
-60
In base 6, what is 1 - -2?
3
In base 9, what is -31 - -27?
-3
In base 11, what is 52 - 3?
4a
In base 2, what is -10 - 1111111000000?
-1111111000010
In base 6, what is 22 - -201?
223
In base 3, what is 11 - -202212?
210000
In base 7, what is -1021 - -4?
-1014
In base 12, what is 1 - a3?
-a2
In base 6, what is -203 - 312?
-515
In base 15, what is -1 - -2c2?
2c1
In base 9, what is -1075 - -5?
-1070
In base 15, what is -69 - 5?
-6e
In base 7, what is 2 - 11121?
-11116
In base 6, what is 3 - -21053?
21100
In base 10, what is -7 - 118?
-125
In base 11, what is 11250 + -3?
11248
In base 14, what is -5 + -c3?
-c8
In base 15, what is -12 - 58?
-6a
In base 7, what is 40150 + -3?
40144
In base 7, what is -340 - 3?
-343
In base 9, what is 23 - 1?
22
In base 9, what is 2 - -2056?
2058
In base 13, what is 4 + 120?
124
In base 4, what is -332 + 231?
-101
In base 16, what is 16 + -7?
f
In base 2, what is -100 - 1011111101?
-1100000001
In base 3, what is -100002 + -102?
-100111
In base 12, what is -14a - 1?
-14b
In base 10, what is -25 - -5?
-20
In base 8, what is 4 - -14450?
14454
In base 4, what is 0 + 11222?
11222
In base 4, what is -32123 - 112?
-32301
In base 6, what is 15 - 14?
1
In base 6, what is 0 - -141?
141
In base 5, what is -10 + 123?
113
In base 8, what is 15 - 76?
-61
In base 11, what is -5 + -1953?
-1958
In base 3, what is -121 + -201?
-1022
In base 9, what is 144 + -2?
142
In base 9, what is 143 - -1?
144
In base 4, what is 2022030 - 11?
2022013
In base 10, what is -2 - -3160?
3158
In base 14, what is -1a - -18?
-2
In base 15, what is 5 + 5a?
60
In base 16, what is -3 + -23?
-26
In base 2, what is 11 + 101001100?
101001111
In base 13, what is 4 + 3c?
43
In base 14, what is -47 + 17?
-30
In base 5, what is -20 - -1323?
1303
In base 15, what is -2e + -4?
-33
In base 2, what is 100001 + 1110?
101111
In base 6, what is 21 + -1325?
-1304
In base 5, what is 300203 - -3?
300211
In base 3, what is -1010211 + 1?
-1010210
In base 8, what is 20 - -262?
302
In base 10, what is -33 - 222?
-255
In base 12, what is -37 + 193?
158
In base 2, what is 11101 + -11100101?
-11001000
In base 3, what is 1022 + 0?
1022
In base 3, what is -1 - -110002?
110001
In base 13, what is 206 - 1b?
1b8
In base 15, what is 6 - 6a?
-64
In base 5, what is -4003 - -40?
-3413
In base 8, what is -354 + -4?
-360
In base 11, what is